{"id":11693,"date":"2015-12-28T11:50:52","date_gmt":"2015-12-28T10:50:52","guid":{"rendered":"http:\/\/www.feutremoi.be\/?page_id=11693"},"modified":"2017-10-10T21:00:06","modified_gmt":"2017-10-10T20:00:06","slug":"les-matieres","status":"publish","type":"page","link":"http:\/\/www.perledechapeau.be\/index.php\/les-matieres\/","title":{"rendered":"Les mati\u00e8res"},"content":{"rendered":"<p>[vc_row bg_check=\u00a0\u00bbrow-background-dark\u00a0\u00bb css=\u00a0\u00bb.vc_custom_1476255327368{background-image: url(http:\/\/www.perledechapeau.be\/wp-content\/uploads\/2016\/10\/Laine-\u00e0-feutrer-low.png?id=14055) !important;background-position: center !important;background-repeat: no-repeat !important;background-size: cover !important;}\u00a0\u00bb][vc_column]<div class=\"ult-spacer spacer-69e1d87422078\" data-id=\"69e1d87422078\" data-height=\"80\" data-height-mobile=\"30\" data-height-tab=\"50\" style=\"clear:both;display:block;\"><\/div><div class=\"dfd-heading-shortcode\"><div class=\"dfd-heading-module-wrap  text-center style_05 dfd-disable-resposive-headings\" id=\"dfd-heading-69e1d8742212e\" ><div class=\"inline-block\"><div class=\"dfd-heading-module\"><h5 class=\"widget-title \" style=\"\">Cr\u00e9ation<\/h5><div class=\"dfd-heading-delimiter\"><\/div><h3 class=\"widget-sub-title \" style=\"\">Comprendre la laine<\/h3><\/div><\/div><\/div><script type=\"text\/javascript\">\r\n\t\t\t\t\t\t\t\t\t(function($) {\r\n\t\t\t\t\t\t\t\t\t\t$(\"head\").append(\"<style>#dfd-heading-69e1d8742212e .dfd-heading-delimiter {border-bottom-style:solid;border-bottom-width:1px;width:100px;border-bottom-color:#dddddd;}#dfd-heading-69e1d8742212e .dfd-heading-delimiter {margin-top:10px;margin-bottom:10px;}<\/style>\");\r\n\t\t\t\t\t\t\t\t\t})(jQuery);\r\n\t\t\t\t\t\t\t\t<\/script><\/div><div class=\"ult-spacer spacer-69e1d874223b5\" data-id=\"69e1d874223b5\" data-height=\"80\" data-height-mobile=\"30\" data-height-tab=\"50\" style=\"clear:both;display:block;\"><\/div>[\/vc_column][\/vc_row][vc_row][vc_column]<div class=\"dfd-spacer-module\"  data-units=\"px\" data-wide_resolution=\"1280\" data-wide_size=\"30\" data-normal_resolution=\"1024\" data-normal_size=\"\" data-tablet_resolution=\"800\" data-tablet_size=\"\" data-mobile_resolution=\"480\" data-mobile_size=\"\" style=\"height: 30px;\"><\/div>[\/vc_column][\/vc_row][vc_row force_equal_height_columns=\u00a0\u00bbmain_row\u00a0\u00bb dfd_row_config=\u00a0\u00bbdefault_row_small_paddings\u00a0\u00bb][vc_column width=\u00a0\u00bb1\/2&Prime;][vc_single_image image=\u00a0\u00bb14367&Prime; img_size=\u00a0\u00bb300&#215;300&Prime; alignment=\u00a0\u00bbcenter\u00a0\u00bb][\/vc_column][vc_column width=\u00a0\u00bb1\/2&Prime;]<div id=\"ultimate-heading69e1d874224b3\" class=\"uvc-heading dfd-delim-bottom   heading-config-bottom dfd-disable-resposive-headings\"  data-hspacer=\"line_only\"  data-halign=\"center\" style=\"text-align:center\"><div class=\"uvc-sub-heading\"><h3 class=\"widget-sub-title\">Explication<\/h3><\/div><h5 class=\"widget-title\">La laine \u00ab bouillie \u00bb<\/h5><div class=\"uvc-heading-spacer line_only\" style=\"height:1px;\"><span class=\"uvc-headings-line\" style=\"border-style:solid;border-bottom-width:1px;border-color:#ccc;width:550px;\"><\/span><\/div><\/div><div id=\"dfd-announce-69e1d87422537-7961\" class=\"dfd-announce-module-wrap align-left no_full_bg_class  style-2 layout-1\" ><div class=\"dfd-announce-module\"><div class=\"module-icon\" style=\"color:#ef7704;\"><i class = \"dfd-icon-safety_pin\"><\/i><\/div><div class=\"module-text\" style=\"\">est une mati\u00e8re souple, \u00e9paisse, chaude teint\u00e9e dans la masse que l\u2019on peut couper \u00e0 vif. Elle est achet\u00e9e au m\u00e8tre.<br \/>\nLe moule \u00e0 chapeau est le support de mon travail: je plie, je couds, je pince le tissu pour lui donner les formes voulues.<\/div><\/div><\/div>[\/vc_column][\/vc_row][vc_row force_equal_height_columns=\u00a0\u00bbmain_row\u00a0\u00bb dfd_row_config=\u00a0\u00bbdefault_row_small_paddings\u00a0\u00bb][vc_column width=\u00a0\u00bb1\/2&Prime;]<div id=\"ultimate-heading69e1d874225d1\" class=\"uvc-heading dfd-delim-bottom   heading-config-bottom dfd-disable-resposive-headings\"  data-hspacer=\"line_only\"  data-halign=\"center\" style=\"text-align:center\"><div class=\"uvc-sub-heading\"><h3 class=\"widget-sub-title\">Explication<\/h3><\/div><h5 class=\"widget-title\">La laine \u00ab \u00e0 feutrer \u00bb<\/h5><div class=\"uvc-heading-spacer line_only\" style=\"height:1px;\"><span class=\"uvc-headings-line\" style=\"border-style:solid;border-bottom-width:1px;border-color:#ccc;width:550px;\"><\/span><\/div><\/div><div id=\"dfd-announce-69e1d87422644-3470\" class=\"dfd-announce-module-wrap align-left no_full_bg_class  style-2 layout-1\" ><div class=\"dfd-announce-module\"><div class=\"module-icon\" style=\"color:#ef7704;\"><i class = \"dfd-icon-safety_pin\"><\/i><\/div><div class=\"module-text\" style=\"\">est de la laine m\u00e9rinos 21 microns, que je travaille pour obtenir du feutre. Je fa\u00e7onne ma cr\u00e9ation comme le c\u00e9ramiste travaille la terre ou le peintre utilise des couleurs\u2026<br \/>\nCette technique est ancestrale car elle est la premi\u00e8re \u00e0 r\u00e9aliser une \u00e9toffe \u00e0 partir d\u2019eau et de frottement, il n\u2019y a ni tissage, ni tricot, seule, le\u00a0\u00ab\u00a0foulage de la laine\u00a0\u00bb permet d\u2019obtenir du feutre.<\/div><\/div><\/div>[\/vc_column][vc_column width=\u00a0\u00bb1\/2&Prime;][vc_single_image image=\u00a0\u00bb14357&Prime; img_size=\u00a0\u00bb300&#215;300&Prime; alignment=\u00a0\u00bbcenter\u00a0\u00bb][\/vc_column][\/vc_row]<\/p>\n","protected":false},"excerpt":{"rendered":"<p>[vc_row bg_check=\u00a0\u00bbrow-background-dark\u00a0\u00bb css=\u00a0\u00bb.vc_custom_1476255327368{background-image: url(http:\/\/www.perledechapeau.be\/wp-content\/uploads\/2016\/10\/Laine-\u00e0-feutrer-low.png?id=14055) !important;background-position: center !important;background-repeat: no-repeat !important;background-size: cover !important;}\u00a0\u00bb][vc_column][\/vc_column][\/vc_row][vc_row][vc_column][\/vc_column][\/vc_row][vc_row force_equal_height_columns=\u00a0\u00bbmain_row\u00a0\u00bb dfd_row_config=\u00a0\u00bbdefault_row_small_paddings\u00a0\u00bb][vc_column width=\u00a0\u00bb1\/2&Prime;][vc_single_image image=\u00a0\u00bb14367&Prime; img_size=\u00a0\u00bb300&#215;300&Prime; alignment=\u00a0\u00bbcenter\u00a0\u00bb][\/vc_column][vc_column width=\u00a0\u00bb1\/2&Prime;][\/vc_column][\/vc_row][vc_row force_equal_height_columns=\u00a0\u00bbmain_row\u00a0\u00bb dfd_row_config=\u00a0\u00bbdefault_row_small_paddings\u00a0\u00bb][vc_column width=\u00a0\u00bb1\/2&Prime;][\/vc_column][vc_column width=\u00a0\u00bb1\/2&Prime;][vc_single_image image=\u00a0\u00bb14357&Prime; img_size=\u00a0\u00bb300&#215;300&Prime; alignment=\u00a0\u00bbcenter\u00a0\u00bb][\/vc_column][\/vc_row]<\/p>\n","protected":false},"author":1,"featured_media":0,"parent":0,"menu_order":0,"comment_status":"closed","ping_status":"closed","template":"page-custom.php","meta":[],"acf":[],"_links":{"self":[{"href":"http:\/\/www.perledechapeau.be\/index.php\/wp-json\/wp\/v2\/pages\/11693"}],"collection":[{"href":"http:\/\/www.perledechapeau.be\/index.php\/wp-json\/wp\/v2\/pages"}],"about":[{"href":"http:\/\/www.perledechapeau.be\/index.php\/wp-json\/wp\/v2\/types\/page"}],"author":[{"embeddable":true,"href":"http:\/\/www.perledechapeau.be\/index.php\/wp-json\/wp\/v2\/users\/1"}],"replies":[{"embeddable":true,"href":"http:\/\/www.perledechapeau.be\/index.php\/wp-json\/wp\/v2\/comments?post=11693"}],"version-history":[{"count":11,"href":"http:\/\/www.perledechapeau.be\/index.php\/wp-json\/wp\/v2\/pages\/11693\/revisions"}],"predecessor-version":[{"id":14432,"href":"http:\/\/www.perledechapeau.be\/index.php\/wp-json\/wp\/v2\/pages\/11693\/revisions\/14432"}],"wp:attachment":[{"href":"http:\/\/www.perledechapeau.be\/index.php\/wp-json\/wp\/v2\/media?parent=11693"}],"curies":[{"name":"wp","href":"https:\/\/api.w.org\/{rel}","templated":true}]}}